prime factors of 45411549?
3, 107, 193, 733
What are the prime factors of 297535?
5, 7, 8501
What are the prime factors of 2646777?
3, 7, 126037
List the prime factors of 1801489.
1801489
List the prime factors of 657442.
2, 328721
What are the prime factors of 1921056?
2, 3, 20011
List the prime factors of 5477118.
2, 3, 912853
What are the prime factors of 479750?
2, 5, 19, 101
List the prime factors of 813783.
3, 271261
What are the prime factors of 2434660?
2, 5, 19, 43, 149
What are the prime factors of 9125876?
2, 73, 31253
What are the prime factors of 3284340?
2, 3, 5, 19, 43, 67
List the prime factors of 30171.
3, 89, 113
What are the prime factors of 1618718?
2, 809359
What are the prime factors of 59608?
2, 7451
List the prime factors of 38124512.
2, 61, 19531
What are the prime factors of 11292333?
3, 13, 23, 12589
List the prime factors of 3358.
2, 23, 73
List the prime factors of 271811.
271811
List the prime factors of 347222.
2, 139, 1249
What are the prime factors of 775158?
2, 3, 129193
What are the prime factors of 4933043?
17, 439, 661
List the prime factors of 8762405.
5, 1752481
List the prime factors of 14619379.
19, 433, 1777
List the prime factors of 19736390.
2, 5, 641, 3079
What are the prime factors of 2587410?
2, 3, 5, 7, 37
List the prime factors of 4507161.
3, 19, 107, 739
List the prime factors of 692734.
2, 7, 49481
List the prime factors of 298296.
2, 3, 1381
List the prime factors of 3644773.
11, 127, 2609
List the prime factors of 1620479.
7, 33071
List the prime factors of 21203.
7, 13, 233
List the prime factors of 275202.
2, 3, 15289
What are the prime factors of 281878?
2, 140939
List the prime factors of 1180748.
2, 295187
What are the prime factors of 236431?
13, 1399
List the prime factors of 7717353.
3, 7, 47, 1117
What are the prime factors of 2248227?
3, 23, 10861
What are the prime factors of 1724657?
11, 83, 1889
List the prime factors of 616954.
2, 13, 61, 389
What are the prime factors of 292873?
7, 43, 139
List the prime factors of 5954916.
2, 3, 11, 197, 229
What are the prime factors of 7163438?
2, 41, 87359
List the prime factors of 2930600.
2, 5, 14653
List the prime factors of 167827.
11, 19, 73
What are the prime factors of 6130756?
2, 163, 9403
What are the prime factors of 644495?
5, 83, 1553
List the prime factors of 2510861.
263, 9547
What are the prime factors of 7723922?
2, 3861961
List the prime factors of 176321.
176321
List the prime factors of 4392362.
2, 13, 168937
List the prime factors of 179459.
7, 31, 827
List the prime factors of 4002697.
37, 251, 431
What are the prime factors of 14211783?
3, 907, 1741
What are the prime factors of 253311?
3, 84437
What are the prime factors of 564387?
3, 179, 1051
What are the prime factors of 245267?
11, 2027
What are the prime factors of 12416249?
12416249
What are the prime factors of 333835?
5, 179, 373
List the prime factors of 275747.
19, 23, 631
List the prime factors of 2525970.
2, 3, 5, 84199
List the prime factors of 1620372.
2, 3, 13, 17, 47
List the prime factors of 199976.
2, 7, 3571
What are the prime factors of 1446096?
2, 3, 47, 641
What are the prime factors of 7298493?
3, 617, 3943
List the prime factors of 13214611.
67, 197233
What are the prime factors of 723586?
2, 361793
What are the prime factors of 1271717?
1271717
List the prime factors of 131885.
5, 13, 2029
What are the prime factors of 9797134?
2, 17, 107, 2693
What are the prime factors of 4205895?
3, 5, 23, 73, 167
List the prime factors of 1815403.
1815403
List the prime factors of 2151153.
3, 239017
List the prime factors of 346979.
59, 5881
List the prime factors of 12611666.
2, 227, 27779
List the prime factors of 1632895.
5, 11, 2699
List the prime factors of 2264428.
2, 566107
What are the prime factors of 22773384?
2, 3, 316297
What are the prime factors of 8910263?
67, 132989
What are the prime factors of 426131?
426131
What are the prime factors of 507802?
2, 253901
List the prime factors of 329550.
2, 3, 5, 13
What are the prime factors of 716557?
41, 17477
List the prime factors of 824882.
2, 193, 2137
What are the prime factors of 8980665?
3, 5, 598711
List the prime factors of 2927847.
3, 13, 37, 2029
What are the prime factors of 158403?
3, 7, 19, 397
What are the prime factors of 2691544?
2, 31, 10853
List the prime factors of 3705045.
3, 5, 139, 1777
What are the prime factors of 2607286?
2, 11, 31, 3823
List the prime factors of 2682111.
3, 894037
List the prime factors of 2909487.
3, 7, 138547
List the prime factors of 163565.
5, 32713
List the prime factors of 8821036.
2, 7, 315037
What are the prime factors of 9406376?
2, 7, 167971
List the prime factors of 974372.
2, 7, 17, 23, 89
What are the prime factors of 18455354?
2, 31, 197, 1511
List the prime factors of 718896.
2, 3, 17, 881
List the prime factors of 53823.
3, 7, 11, 233
List the prime factors of 22150823.
97, 228359
What are the prime factors of 40097501?
107, 251, 1493
What are the prime factors of 1003401?
3, 7, 5309
List the prime factors of 36578.
2, 18289
List the prime factors of 184753.
184753
What are the prime factors of 1034088?
2, 3, 11, 3917
What are the prime factors of 54444?
2, 3, 13, 349
List the prime factors of 565418.
2, 7, 40387
List the prime factors of 5591805.
3, 5, 113, 3299
List the prime factors of 266862.
2, 3, 79, 563
What are the prime factors of 5915823?
3, 31, 63611
List the prime factors of 1133026.
2, 23, 24631
What are the prime factors of 182899?
182899
What are the prime factors of 1562923?
71, 22013
List the prime factors of 933184.
2, 7, 2083
What are the prime factors of 145617?
3, 48539
List the prime factors of 6334649.
67, 94547
List the prime factors of 731093.
11, 66463
List the prime factors of 1281888.
2, 3, 4451
List the prime factors of 218180.
2, 5, 10909
What are the prime factors of 6024970?
2, 5, 7, 17, 61, 83
What are the prime factors of 444182?
2, 19, 11689
List the prime factors of 1802730.
2, 3, 5, 60091
List the prime factors of 404820.
2, 3, 5, 13, 173
List the prime factors of 1242383.
449, 2767
What are the prime factors of 8704801?
7, 59, 3011
List the prime factors of 1323901.
19, 59, 1181
What are the prime factors of 27277383?
3, 7, 1298923
What are the prime factors of 7340722?
2, 41, 89521
What are the prime factors of 2433232?
2, 152077
List the prime factors of 312242.
2, 7, 22303
List the prime factors of 5758058.
2, 1279, 2251
What are the prime factors of 17271797?
17271797
What are the prime factors of 2878161?
3, 11, 13, 6709
List the prime factors of 109162.
2, 54581
List the prime factors of 237176.
2, 23, 1289
What are the prime factors of 13818145?
5, 11, 277, 907
List the prime factors of 8092553.
7, 1156079
List the prime factors of 15550719.
3, 2243, 2311
What are the prime factors of 2147170?
2, 5, 41, 5237
What are the prime factors of 11600946?
2, 3, 7, 1879
What are the prime factors of 2611162?
2, 1305581
What are the prime factors of 14142543?
3, 4714181
List the prime factors of 140942.
2, 19, 3709
What are the prime factors of 115905?
3, 5, 7727
List the prime factors of 6723292.
2, 1680823
What are the prime factors of 546620?
2, 5, 151, 181
What are the prime factors of 4210088?
2, 641, 821
What are the prime factors of 2869086?
2, 3, 11, 29, 1499
List the prime factors of 716099.
137, 5227
What are the prime factors of 609341?
53, 11497
List the prime factors of 1442739.
3, 17, 28289
What are the prime factors of 1222195?
5, 13, 18803
List the prime factors of 2762928.
2, 3, 7, 2741
List the prime factors of 1066254.
2, 3, 7, 53, 479
What are the prime factors of 1217106?
2, 3, 11, 683
What are the prime factors of 29437405?
5, 1987, 2963
What are the prime factors of 482831?
47, 10273
List the prime factors of 5306.
2, 7, 379
List the prime factors of 369445.
5, 37, 1997
List the prime factors of 309264.
2, 3, 17, 379
What are the prime factors of 8770285?
5, 353, 4969
What are the prime factors of 289136?
2, 17, 1063
What are the prime factors of 17962520?
2, 5, 167, 2689
List the prime factors of 297729.
3, 11027
What are the prime factors of 1564606?
2, 809, 967
What are the prime factors of 38313?
3, 11, 43
What are the prime factors of 306272?
2, 17, 563
What are the prime fa